git of 875?
7
What is the tens digit of 50235?
3
What is the thousands digit of 25329?
5
What is the ten thousands digit of 11001?
1
What is the thousands digit of 1608?
1
What is the hundreds digit of 3524?
5
What is the thousands digit of 15950?
5
What is the thousands digit of 24645?
4
What is the thousands digit of 3795?
3
What is the hundreds digit of 843?
8
What is the units digit of 2644?
4
What is the tens digit of 3399?
9
What is the hundreds digit of 1516?
5
What is the units digit of 4764?
4
What is the ten thousands digit of 10458?
1
What is the ten thousands digit of 100150?
0
What is the units digit of 79941?
1
What is the units digit of 835?
5
What is the tens digit of 397?
9
What is the hundreds digit of 15447?
4
What is the thousands digit of 93567?
3
What is the tens digit of 485?
8
What is the hundreds digit of 466?
4
What is the hundreds digit of 2916?
9
What is the hundreds digit of 10292?
2
What is the units digit of 1092?
2
What is the hundreds digit of 2285?
2
What is the units digit of 1205?
5
What is the tens digit of 839?
3
What is the units digit of 5231?
1
What is the thousands digit of 3250?
3
What is the hundreds digit of 14482?
4
What is the units digit of 46516?
6
What is the hundreds digit of 4476?
4
What is the units digit of 147361?
1
What is the hundred thousands digit of 164277?
1
What is the thousands digit of 7432?
7
What is the units digit of 16818?
8
What is the hundreds digit of 3111?
1
What is the thousands digit of 3769?
3
What is the tens digit of 1139?
3
What is the ten thousands digit of 103619?
0
What is the tens digit of 62078?
7
What is the units digit of 334?
4
What is the units digit of 524?
4
What is the hundreds digit of 450?
4
What is the units digit of 577?
7
What is the ten thousands digit of 47466?
4
What is the hundreds digit of 10122?
1
What is the units digit of 25982?
2
What is the hundreds digit of 1370?
3
What is the units digit of 7166?
6
What is the units digit of 35654?
4
What is the hundreds digit of 17526?
5
What is the hundreds digit of 3036?
0
What is the units digit of 4146?
6
What is the hundreds digit of 2483?
4
What is the units digit of 1455?
5
What is the tens digit of 1225?
2
What is the hundreds digit of 1360?
3
What is the hundreds digit of 3808?
8
What is the hundreds digit of 361?
3
What is the units digit of 22344?
4
What is the ten thousands digit of 27197?
2
What is the tens digit of 887?
8
What is the hundreds digit of 802?
8
What is the hundreds digit of 17521?
5
What is the units digit of 37177?
7
What is the hundreds digit of 7082?
0
What is the tens digit of 1159?
5
What is the thousands digit of 1594?
1
What is the tens digit of 408?
0
What is the units digit of 998?
8
What is the units digit of 10804?
4
What is the thousands digit of 64830?
4
What is the ten thousands digit of 142752?
4
What is the units digit of 8674?
4
What is the thousands digit of 11128?
1
What is the tens digit of 20906?
0
What is the thousands digit of 23068?
3
What is the hundreds digit of 4433?
4
What is the ten thousands digit of 17199?
1
What is the tens digit of 76458?
5
What is the thousands digit of 118391?
8
What is the ten thousands digit of 10922?
1
What is the tens digit of 1805?
0
What is the units digit of 98?
8
What is the tens digit of 80?
8
What is the hundreds digit of 145?
1
What is the units digit of 166583?
3
What is the thousands digit of 1862?
1
What is the hundreds digit of 1262?
2
What is the units digit of 16232?
2
What is the tens digit of 14446?
4
What is the tens digit of 13324?
2
What is the tens digit of 3815?
1
What is the units digit of 1045?
5
What is the tens digit of 60417?
1
What is the units digit of 22774?
4
What is the tens digit of 3052?
5
What is the thousands digit of 90661?
0
What is the thousands digit of 14074?
4
What is the units digit of 10968?
8
What is the tens digit of 54463?
6
What is the tens digit of 1168?
6
What is the hundreds digit of 735?
7
What is the thousands digit of 62326?
2
What is the tens digit of 1500?
0
What is the units digit of 8303?
3
What is the units digit of 50487?
7
What is the tens digit of 22893?
9
What is the tens digit of 7765?
6
What is the tens digit of 4097?
9
What is the hundreds digit of 304?
3
What is the units digit of 855?
5
What is the hundreds digit of 813?
8
What is the tens digit of 534?
3
What is the units digit of 27019?
9
What is the thousands digit of 1192?
1
What is the units digit of 135071?
1
What is the hundreds digit of 8852?
8
What is the hundreds digit of 75535?
5
What is the thousands digit of 16960?
6
What is the ten thousands digit of 20510?
2
What is the units digit of 1279?
9
What is the units digit of 2564?
4
What is the thousands digit of 2177?
2
What is the thousands digit of 34602?
4
What is the units digit of 913?
3
What is the units digit of 213?
3
What is the ten thousands digit of 46377?
4
What is the hundreds digit of 39313?
3
What is the units digit of 2187?
7
What is the tens digit of 2873?
7
What is the units digit of 297?
7
What is the units digit of 768?
8
What is the tens digit of 7433?
3
What is the hundreds digit of 2111?
1
What is the hundreds digit of 368?
3
What is the ten thousands digit of 19034?
1
What is the thousands digit of 2293?
2
What is the units digit of 48428?
8
What is the tens digit of 15874?
7
What is the units digit of 38272?
2
What is the units digit of 36538?
8
What is the hundred thousands digit of 102200?
1
What is the tens digit of 1943?
4
What is the thousands digit of 1094?
1
What is the hundreds digit of 30887?
8
What is the tens digit of 3081?
8
What is the hundreds digit of 3099?
0
What is the hundreds digit of 12734?
7
What is the tens digit of 14716?
1
What is the hundred thousands digit of 103671?
1
What is the hundreds digit of 22194?
1
What is the tens digit of 14609?
0
What is the units digit of 12289?
9
What is the thousands digit of 1224?
1
What is the units digit of 105885?
5
What is the units digit of 6616?
6
What is the tens digit of 2793?
9
What is the tens digit of 26672?
7
What is the tens digit of 645?
4
What is the ten thousands digit of 135972?
3
What is the thousands digit of 1593?
1
What is the units digit of 945?
5
What is the thousands digit of 114604?
4
What is the tens digit of 6305?
0
What is the thousands digit of 23642?
3
What is the hundreds digit of 5563?
5
What is the tens digit of 3502?
0
What is the units digit of 5775?
5
What is the ten thousands digit of 10353?
1
What is the ten thousands digit of 110431?
1
What is the units digit of 25276?
6
What is the hundreds digit of 4450?
4
What is the hundreds digit of 1886?
8
What is the hundreds digit of 8853?
8
What is the hundreds digit of 68072?
0
What is the units digit of 38799?
9
What is the thousands digit of 4017?
4
What is the thousands digit of 1707?
1
What is the thousands digit of 1103?
1
What is the tens digit of 17201?
0
What is the thousands digit of 14462?
4
What is the thousands digit of 1303?
1
What is the tens digit of 9256?
5
What is the hundreds digit of 1085?
0
What is the thousands digit of 30656?
0
What is the units digit of 72057?
7
What is the thousands digit of 1801?
1
What is the units digit of 2266?
6
What is the thousands digit of 1070?
1
What is the hundreds digit of 50746?
7
What is the tens digit of 14234?
3
What is the ten thousands digit of 19758?
1
What is the hundreds digit of 138?
1
What is the ten thousands digit of 157613?
5
What is the hundreds digit of 9305?
3
What is the hundreds digit of 15732?
7
What is the hundred thousands digit of 121095?
1
What is the hundreds digit of 11563?
5
What is the hundreds digit of 524?
5
What is the hundreds digit of 3965?
9
What is the ten thousands digit of 10976?
1
What is the ten thousands digit of 13047?
1
What is the ten thousands digit of 17374?
1
What is the tens digit of 4634?
3
What is the units digit of 1891?
1
What is the tens digit of 31781?
8
What is the hundreds digit of 239?
2
What is the tens digit of 144?
4
What is the hundreds digit of 23654?
6
What is the tens digit of 7355?
5
What is the tens digit of 81?
8
What is the hundreds digit of 663?
6
What is the units digit of 102888?
8
What is the tens digit of 16619?
1
What is the units digit of 1141?
1
What is